e greatest common factor of t and 372?
12
Let x = 811 - 1274. Let k = 775 + x. Let b = -93 - -132. What is the highest common divisor of k and b?
39
Suppose -11*h + 5*g = -7*h - 422, -2*g + 408 = 4*h. Calculate the highest common divisor of 1648 and h.
103
Let z = -82 + 122. Let j(n) = 3*n - 5. Let t be j(2). Let w(r) = 161*r**2 - 1. Let o be w(t). Calculate the highest common divisor of o and z.
40
Let q be (270/(-81))/((-4)/54). Let y be (-112)/(-8) - -2 - (2 + -1). Calculate the greatest common factor of q and y.
15
Suppose x = 5*n - 12874, 0 = -3*n - 0*n - 4*x + 7706. Calculate the greatest common factor of 2002 and n.
286
Let h be (-8)/6*(2 + -35). Suppose 3*y = 11*r - 12*r + h, 5*r - 10 = -y. Calculate the greatest common factor of y and 15.
15
Suppose 0 = -2*y + 3*d - 1, 5*y - 25 = y - 3*d. What is the highest common factor of 882 and y?
2
Let h = 898 - -736. Suppose -4*o - 3*x + 2329 = 0, -h - 110 = -3*o - 5*x. Calculate the greatest common factor of o and 53.
53
Let s be (3 + -9)*(5 - 62/6). Suppose 1653 = s*m - 1931. Calculate the highest common divisor of m and 16.
16
Let c(a) = a**2 - 4*a + 2. Let w be ((-6)/4)/(9*(-7)/168). Suppose -w*o + 9*o = -20. Let r be c(o). Calculate the highest common divisor of 34 and r.
34
Let k be (-2)/7 + 32/14. Let b be k/(-7) + 174/21. Let u = -49092 + 49156. Calculate the highest common factor of b and u.
8
Suppose -4*m + 2*x = 2198, x + 3*x = 2*m + 1084. Let z = m + 568. What is the highest common divisor of 1264 and z?
16
Suppose 8*i = -14*i + 36784. Suppose -4*m - 4*m + i = 0. Calculate the greatest common factor of 19 and m.
19
Suppose 13586 - 7930 = 2*k. What is the greatest common factor of 24 and k?
4
Let o = 202 - 200. Let f be (o/(-6))/((-2)/(-2))*-150. What is the highest common factor of 40 and f?
10
Let f(m) = -2*m**2 + 65*m + 102. Let u be f(0). What is the greatest common divisor of u and 374?
34
Let i(p) = p**3 - 9*p**2 + 13*p - 5. Let m be ((-12)/48)/((-2 - -3)/(-32)). Let h be i(m). What is the highest common factor of h and 455?
35
Let r(a) = -a**2 - 26*a + 26. Let j be ((-8 - -2) + 5)/(1/23). Let i be r(j). Suppose -5*y + 4 + 91 = 0. What is the greatest common factor of i and y?
19
Let d be (-184)/(-10) - (-64)/(-160). Let x = -30 - d. Let h = x - -78. Calculate the highest common factor of h and 330.
30
Let h be (-45)/(-30)*208/(-6). Let y be 8/h - 335/(-65). Suppose 0 = -y*n + 109 + 61. What is the greatest common divisor of n and 136?
34
Suppose -62*h = 1513 - 18191. What is the highest common divisor of 3 and h?
1
Let c = 1433 + 401. What is the greatest common divisor of 70 and c?
14
Let j = 7069 + -2938. Calculate the highest common divisor of j and 153.
153
Suppose -5*h = -3*r + 107, -31 + 193 = 4*r + 3*h. Let p = r + -29. What is the greatest common divisor of p and 110?
10
Suppose -35 = -16*m + 15*m - 3*a, 0 = m - a - 31. Let w be (-9)/(-6)*m/3. Calculate the highest common factor of 248 and w.
8
Suppose 4*p - 3*u - 156 = -6*u, 5*u = 3*p - 146. Let l be 69 + 1 + 35 + -45 - 20/(-2). Calculate the highest common factor of p and l.
14
Let n(j) = 6*j**2 - 2*j. Let w be n(3). Suppose 2*c = 2*b - 26, -2*b + 158*c - 155*c = -27. Calculate the greatest common factor of w and b.
12
Let i = -15 + 147. Let t(j) = -j**3 - 10*j**2 - 25*j + 6. Let f be t(-6). What is the greatest common divisor of f and i?
12
Let y = -1523 - -1639. What is the greatest common divisor of y and 783?
29
Let t(w) be the first derivative of -17*w**2/2 - 29*w + 44. Let l be t(-2). What is the greatest common factor of 20 and l?
5
Let m be (16/(-28) - (-18)/(-42))*-9271. What is the highest common divisor of 73 and m?
73
Let r(t) = 18*t**2 - 19*t**2 - 9*t - t + 0*t - 13. Let j be r(-8). Suppose -5*f + 8*o + 530 = j*o, -5*o = -10. Calculate the greatest common factor of 36 and f.
36
Let w(f) = -f**2 + 29*f - 156. Let z be w(14). Let k be 10 + (-4)/(-2) - 3. Calculate the highest common divisor of k and z.
9
Suppose -19*w + 247 = -57. Suppose 3*d + 5*n - 743 = 0, -2*d - 3*n + n = -502. Calculate the highest common factor of w and d.
16
Suppose -94 - 26 = -4*x. Suppose -6*k + 375 = -927. Suppose -k + 37 = -12*l. Calculate the greatest common factor of l and x.
15
Let r(q) = 110*q - 1558. Let t be r(15). What is the greatest common divisor of t and 161?
23
Let m(g) = 4*g + 90. Let q be m(6). Let n = 131 - q. Calculate the highest common divisor of n and 493.
17
Let q(t) = t - 2. Let c be q(5). Suppose c*f - 16 = f. Let d(h) = -h**2 - 8*h + 1. Let b be d(-7). Calculate the highest common factor of b and f.
8
Let i(o) = o**2 - o - 2. Let k be i(-3). Let x(d) = -74*d + 4022. Let u be x(48). What is the highest common divisor of k and u?
10
Let t be (-178)/(-4) + 1/2. Suppose -7806*v + 7840*v - 65 = 105. Calculate the highest common factor of v and t.
5
Let w be 9/(-45)*-38 + -8 + 134/10. Calculate the highest common factor of w and 689.
13
Suppose r - 12 + 9 = 0. Suppose 20 = -5*k, -40 = -r*o + 3*k + k. Suppose 0 = 5*h - 0*h - 5*w - 40, -o = 2*w. What is the greatest common divisor of h and 1?
1
Let m be (-10)/4*2/20*2*-114. What is the greatest common divisor of 96 and m?
3
Suppose -h = -25 - 15. Let p be (-1)/((-1)/(18 + -3) + 0). Let y be 10/p + (1068/(-9))/(-2). Calculate the highest common divisor of h and y.
20
Let u be 4*(-3)/(-24)*24150/105. Calculate the greatest common divisor of u and 57845.
115
Let y be (-5)/20 - (-45)/4. Suppose 169 = 6*s - y. Suppose -14*m = -43 - 41. What is the greatest common divisor of m and s?
6
Let w(x) = 42*x + 553. Let s be w(-13). Suppose -2*f + 6*f + 2*j - 90 = 0, 2*f - 2*j = 36. What is the greatest common factor of f and s?
7
Let h = -17 - -26. Suppose h*z - 428 - 103 = 0. Let b = -52 + z. What is the highest common divisor of 1 and b?
1
Let v = -12 - -14. Suppose 0 = 9*p + 212 - 230. Calculate the highest common divisor of v and p.
2
Suppose 54*n = 56*n - 304. Let j be ((-57)/9)/(23/(-138)). What is the greatest common divisor of j and n?
38
Suppose 4*w = -5*q + 1305, q - 663 - 302 = -3*w. What is the highest common divisor of w and 12?
4
Let y be (12/14)/(-4 - (-2697)/672). Calculate the highest common factor of 1136 and y.
16
Let k be 1/(6/116) + (-6)/(-9). Let g(n) = n**3 + 3*n - 6. Let s be g(4). What is the highest common divisor of k and s?
10
Let n = -19 + -647. Let g = -276 - n. What is the highest common divisor of g and 156?
78
Let p = 7783 - 7690. What is the highest common divisor of p and 4278?
93
Suppose 0 = -8*v + 56*v + 3642 - 10746. What is the highest common divisor of 76 and v?
4
Let a = 8489 - 8201. Calculate the greatest common factor of a and 45.
9
Let k be (10/3)/((-30)/(-1125)). What is the highest common factor of k and 150?
25
Suppose -3*h = -0*g + 4*g - 21, 5*h = 3*g + 6. Let d be (g/(-6))/(1/(-4)). Let v = 16 - d. Calculate the greatest common divisor of 210 and v.
14
Let v = -40 + 43. Let s be (v*45/(-20))/((-2)/(-32)). Let o = s + 208. What is the highest common factor of 40 and o?
20
Let s be (0 + (7 - 13/3))*540. Calculate the highest common factor of s and 192.
96
Suppose 0 = 7*u - 28*u + 21504. Suppose -5*p = -7*s + 7170, -2*p + p - u = -s. What is the highest common factor of 41 and s?
41
Let l(c) = c**3 - 19*c**2 + 19*c + 11. Suppose -j = -7*j + 108. Let u be l(j). What is the highest common factor of 1856 and u?
29
Suppose 6*p + 128 = 2*p. Suppose 5*t = -2*b + 268, 7*b + 3 = 4*b. Let w = t + p. Calculate the highest common factor of 22 and w.
22
Let h = -29 + 2. Suppose -2*p + 65 = -g, 51 = -2*g + 2*p - 77. Let t = h - g. Calculate the greatest common factor of 12 and t.
12
Let p be (-1680)/(18 - 33)*4. What is the highest common divisor of p and 2296?
56
Suppose -5*n + 809 - 84 = 0. Let u = -37 + n. What is the greatest common factor of u and 12?
12
Let a = 53 + -44. Let r be (-58)/(-18) - 2/a*1. Suppose 3*x - 188 = -4*i, r*x - 252 = -3*i - 69. What is the highest common divisor of x and 7?
7
Suppose 4*d = -410*q + 414*q - 20964, -4*d - 26211 = -5*q. What is the greatest common divisor of q and 636?
159
Let g = -2482 + 2552. What is the highest common factor of g and 4270?
70
Let p be 1870/(-12) - 15/(-18). Let t = 158 + p. Calculate the highest common divisor of 87 and t.
3
Suppose 3*v - 2 = -5*k + 61, 0 = 3*v - 2*k - 42. Let c 